he first derivative of 2*c**3/3 - 5*c**2/2 - 33*c + 6901. Determine g(6).
9
Let u be (-4)/6*72/(14 - 8). Let m be 6/u - (12 + 22/(-8)). Let a(n) = -2*n - 1. What is a(m)?
19
Suppose -2*z + 5*z - o = 21, o = z - 7. Let x(f) be the first derivative of f**3/3 - 4*f**2 - 9*f + 4. What is x(z)?
-16
Let t(i) = -4*i - 4. Let v(n) = -n + 8. Let k be v(-12). Suppose -532 = k*b - 27*b. Let s = 72 - b. Give t(s).
12
Let y(v) = -34*v + 87 - 610 - 151. Determine y(-20).
6
Let t(y) = -8*y + 238. Let z(q) = -15*q + 468. Let d(m) = 7*t(m) - 4*z(m). Determine d(54).
10
Let t(p) be the second derivative of 22*p**3/3 + 88*p**2 - 1015*p. Give t(-4).
0
Let c(i) = 79*i**2 + 287*i + 208. Let n(u) = 37*u**2 + 135*u + 97. Let a(b) = -15*c(b) + 32*n(b). Let y(z) = -2*z**3 + 2*z + 2. Let h be y(-2). Determine a(h).
-2
Let o(a) be the first derivative of a**4/4 - a**3 + 5*a**2/2 - 17*a + 195. Let b be o(3). Let t(c) = -2*c**3 + c**2 + 2*c. Calculate t(b).
16
Let m(b) = -b**3 - 3*b**2 + 11*b + 5. Let r(o) = -o**3 - 14*o**2 - 51*o - 115. Let n be r(-10). Determine m(n).
0
Let m(d) be the first derivative of d**5/60 + 5*d**4/12 - 3*d**3/2 - 20*d**2 + d - 41. Let n(t) be the second derivative of m(t). What is n(-10)?
-9
Let x(n) = 2*n**2 - 144*n - 3239. Let l be x(90). Let c(g) = 9 - g - 7 - 5*g**2 + 21*g**2. Determine c(l).
17
Let j(n) be the second derivative of -n**5/20 - 5*n**4/12 + 2*n**3/3 + n**2 - 371*n. Let b = -10 + 5. Determine j(b).
-18
Suppose -12 = 5*s + s. Let a be ((-65)/(-52))/(s/(-16)). Suppose -4*x + 3*v + 0*v + a = 0, -x + 5*v = 6. Let f(w) = -2*w + 4. Determine f(x).
-4
Let t = 19 - 8. Suppose t = 3*c - 4. Let j(w) = 34*w**3 - 136*w. Let p(i) = -7*i**3 + i**2 + 27*i. Let d(q) = j(q) + 5*p(q). Calculate d(c).
-5
Let f(r) be the first derivative of r - 1/2*r**2 - 2/3*r**3 - 32. Calculate f(1).
-2
Let a(f) = -f + 167. Let y(r) = 2*r - 591. Let t(k) = -21*a(k) - 6*y(k). Calculate t(5).
84
Let j(f) = f**3 - 22*f**2 - 3*f + 2. Let o(t) = 2*t**3 - 51*t**2 - 7*t + 4. Let x(g) = 5*j(g) - 2*o(g). Suppose 4*c = -0*c. Suppose c = -h + 3 + 5. Give x(h).
-6
Let o(a) = 5*a + 44. Let h be (-9 - (14 + -11)) + 4. What is o(h)?
4
Let y(h) = -27*h + 320. Let a = 28466 + -28454. Calculate y(a).
-4
Suppose -24*k + 22*k - 5*t - 75 = 0, 4*k = 5*t - 165. Let i be (-87)/24 - (-15)/k. Let z(s) = -2*s - 5. Determine z(i).
3
Let y(p) = 11*p - 12. Let u(m) = 7*m**3 + 2*m**2 - 71*m + 69. Let c be u(1). What is y(c)?
65
Let s(h) = -5*h**3 + 9*h**2 + 14. Let t(m) = 9*m**3 - 19*m**2 - 3*m - 29. Let u(n) = 7*s(n) + 4*t(n). Determine u(14).
10
Let u(l) be the first derivative of -7*l**2 - 106*l - 821. Determine u(-8).
6
Let u(h) be the first derivative of h**5/60 - h**4/4 + h**3/2 + 23*h**2/2 - 3*h + 28. Let p(n) be the second derivative of u(n). What is p(3)?
-6
Let o(z) be the first derivative of z**5/120 - z**4/12 + 17*z**3 - 214. Let k(r) be the third derivative of o(r). What is k(-5)?
-7
Let x(l) = -2*l - 2*l**2 + 4*l**3 + 0*l**3 - l**3 - 1. Let w = 24985 + -24986. Give x(w).
-4
Let f = 358 - 205. Suppose -5*v + 22*v = -f. Let a(x) = -x**3 - 9*x**2 + x + 12. What is a(v)?
3
Let f be 6 + -6 + 0 - (0 + -18). Suppose 5*n - 30 = 5*j, j = 5*n - f + 4. Let a(r) = -3*r**2 + 6*r**2 + 7 - 4*r**n + 7*r - 3. Give a(5).
14
Let v be -14*(-15)/48 + (-210)/560. Let u(g) = -g**2 + 2*g + 5. What is u(v)?
-3
Let y(g) = -4*g**2 + 1. Suppose -4*n + 179 = -5*b, 0 = 2*b - 7*b - 15. Suppose 2*l - 41 = -n. Suppose -2*s + k = -3*s, l = -2*s + 3*k + 5. Determine y(s).
-3
Suppose 3*f + 5*y - 14 = 0, 4*y - 2 - 17 = -5*f. Let w(l) = -2*l + 2*l + l. Let r(q) = q**2 + 5*q - 2. Let k(o) = f*w(o) - r(o). Determine k(-3).
-1
Let c(l) = 5*l**2 - 7*l + 9. Suppose r = -8*r + 108. Suppose -13*k + k - r = 0. Let f(g) = g**2 + 1. Let n(i) = k*c(i) + 4*f(i). Calculate n(5).
5
Suppose -10*m + 143 = 53. Suppose 22*w + m = 25*w. Let a(b) = b + 0*b**w - b**2 + 3*b**3 + 1 + b**3. What is a(-1)?
-5
Let y(a) = -4*a - 259 - 356 + 697. Give y(24).
-14
Let s(i) = 23 + 0*i + 37 - 20 - 3*i - i. Give s(12).
-8
Suppose 0 = -159*p + 67226 - 67067. Let f(g) = -2*g + 3*g**3 - 12*g**3 + 4*g - 1. Calculate f(p).
-8
Let s(h) be the second derivative of 11*h**3/6 - 14*h**2 - 3*h - 9. Let i(u) = 5*u - 13. Let j(w) = 7*i(w) - 3*s(w). What is j(8)?
9
Let k(f) = 5*f**3 + 9*f**2 + 44*f + 6. Let l(a) = -3*a**3 - 4*a**2 - 24*a - 3. Let z(g) = 4*k(g) + 7*l(g). Determine z(9).
-6
Let v(t) = -24*t - 178*t**3 + 91*t**3 - 12*t**2 - 13 + 88*t**3 + 35*t**2. Calculate v(-24).
-13
Let k(i) = i**2 + 1. Suppose -v - 4 = -3*j - 5, 3*j + 3*v = 15. Let s(l) = -l. Let u(z) = j*k(z) + 3*s(z). Suppose 17*p - 94 = -60. What is u(p)?
-1
Let l(u) = u - 2. Suppose -10*a - 590 = -620. Suppose -a*n = 2*r + 14, -2*n - 24*r = -22*r + 6. Calculate l(n).
-10
Suppose 7*y - 8 = 3*k - 13, -14 = 4*k + y. Let l(w) = w**2 + 17*w + 40. Determine l(k).
-2
Let n(d) = 5*d + 432694 - 865408 + 432695. Give n(6).
11
Let i(f) be the third derivative of f**6/120 + f**5/10 + 7*f**4/24 + f**3/6 - 2*f**2. Let z be (-198)/(-264) - 2830/8. Let m = 348 + z. Determine i(m).
-9
Let z(j) be the first derivative of 1/3*j**3 + 2*j - 5*j**2 + 149. What is z(6)?
-22
Let b = 1250 - 1234. Let o(x) = x**3 - 17*x**2 + 17*x - 10. What is o(b)?
6
Suppose 34*h = 14*h - 48 + 128. Let u(q) be the first derivative of -q**2/2 - 2*q + 1. What is u(h)?
-6
Let f(p) be the second derivative of 1/6*p**3 + 21*p - 1/2*p**2 + 0. Calculate f(5).
4
Let o(b) = -b**3 + 3*b + 3. Suppose -3*k = 3*u - 462, -6*u = -4*u - k - 308. Suppose 5*r = 4*y - 72 - u, -91 = 2*r - y. Let x = r + 44. Give o(x).
5
Let d(s) = -s**2 + 2*s + 2. Let n be d(4). Suppose -4*t + 10*t = -t. Let q(w) = 0 - 9 + t - w**2 + 0 - 7*w. Give q(n).
-3
Let g(p) = -p**2 - 10*p - 5. Let c = -119 - -139. Let s be ((-90)/c)/((-4)/(-8)). Determine g(s).
4
Let y(v) = -v**3 + 4*v**2 + 14*v - 6. Suppose 24*s = -2*h + 27*s - 3, -2*h - 3*s = -27. Give y(h).
6
Let o(a) = -642*a - a**3 - 769*a + 8*a**2 - 22 + 1421*a. What is o(9)?
-13
Suppose -21*l + 23*l - 8 = 0. Suppose 0 = -o + 8 - l. Let z(b) = b**3 - 3*b**2 - 5*b + 6. Determine z(o).
2
Let z(i) = -i + 24*i**3 + 3 - 6*i**3 - 4 + i**2. Let s be -1182 - -1151 - 15*-2. Calculate z(s).
-17
Let q(i) = -i. Let x be 1/(4/8 + -1). Let b(l) be the first derivative of -l**2/2 + 3*l + 3. Let t(u) = x*q(u) + b(u). Determine t(-5).
-2
Let f(t) be the second derivative of 0 - 9*t + 0*t**2 + 2*t**3 - 1/24*t**4 + 1/15*t**5. Let o(i) be the second derivative of f(i). Calculate o(1).
7
Suppose -216*x + 198 = 846. Let d(y) = 3*y**2 - 20. What is d(x)?
7
Let y(t) = 3*t**2 - 34*t + 82. Let f(s) = s**3 + 23*s**2 - 51*s - 17. Let b be f(-25). Determine y(b).
2
Let a(m) = -m**3 + 19*m**2 + 69*m - 65. Let n be a(22). Let f(t) = 27*t**2 + 2*t. Calculate f(n).
29
Let m(h) = -14*h**3 + h**2 - h - 1. Let d(a) = 69*a**3 + 14*a**2 + 2*a + 38. Let l(w) = d(w) + 5*m(w). Give l(19).
-24
Suppose -23 = -4*i - 3*d, 0*i + 5*i - 5*d = -15. Suppose 7 = 9*b - i. Let p(k) be the first derivative of -3*k**2/2 + k + 3. Give p(b).
-2
Let x(n) = -n**3 - 6*n**2 - 5*n - 8. Let q be x(-6). Suppose r + q - 21 = 0. Let k(s) = 61*s + 6*s**3 - 30*s - 30*s + s**2. Give k(r).
-6
Let v(y) = y**2 + y. Suppose 23 = -45*i - 22. Let k(c) = -c**2 + 4*c + 3. Let b(r) = i*k(r) - 2*v(r). Determine b(-3).
6
Let k(b) = 2*b**3 - 4*b**2 + 4*b + 1. Let h(w) = 3*w**2 - 55*w - 406. Let u be h(24). What is k(u)?
9
Let c(l) = -29*l**3 + 5*l**2 + 2*l - 5. Let d(w) = -25*w**3 + 4*w**2 + 2*w - 5. Let g(a) = 6*c(a) - 7*d(a). What is g(0)?
5
Let z be 45/(-6)*(40/(-15) - 0). Suppose 9*s - z*s = 11. Let v(n) = -21*n**3 + 2*n**2 + 2*n + 1. Calculate v(s).
22
Let w = 11234 - 11228. Let j(n) = -2*n**3 + 10*n**2 + 7*n + 2. Give j(w).
-28
Let o(s) be the first derivative of -21*s**2/2 + 96*s - 3636. What is o(4)?
12
Let m(b) = -b**3 + 31*b**2 + 31*b + 42. Let q be 2/10 - (-6201)/195. Let y be m(q). Let c(v) = v**3 - 9*v**2 - 10*v - 6. What is c(y)?
-6
Let x(m) = 0*m**3 - 1 + 0 + m - m**3. Suppose -37*z + 30*z = -49. Let j be z - ((-2)/(-6) - 532/(-114)). Determine x(j).
-7
Suppose -322*y + 78 = -309*y. Let s(l) = -28*l + 169. What is s(y)?
1
Suppose -4*v - 122*q - 92 = -123*q, -46 = 2*v - 4*q. Let m(o) = o**2 + 19*o - 18. What is m(v)?
74
Let r be 16/16 - -10 - (-2 - -9). Let z(c) be the second derivat